 (base 3) in base 2?
-1010111100
Convert 403340 (base 6) to base 3.
1121201220
Convert 11031211 (base 4) to base 15.
64d4
Convert -201 (base 14) to base 2.
-110001001
Convert 1052 (base 6) to base 3.
100012
Convert 10928 (base 10) to base 5.
322203
What is -4b7 (base 14) in base 15?
-430
Convert 1246 (base 12) to base 4.
200112
Convert -76e (base 15) to base 12.
-b7b
11111110 (base 2) to base 3
100102
What is 302120 (base 4) in base 16?
c98
What is 300313 (base 4) in base 15?
dd7
What is 4472 (base 9) in base 7?
12431
-523400 (base 6) to base 16
-a518
Convert 31c (base 13) to base 8.
1024
3057 (base 8) to base 7
4421
Convert -1a8 (base 15) to base 13.
-236
Convert 11 (base 8) to base 5.
14
What is -4484 (base 11) in base 2?
-1011100001100
1 (base 13) to base 3
1
-2323101 (base 4) to base 8
-27321
-498 (base 10) to base 5
-3443
Convert 1155 (base 12) to base 10.
1937
Convert 1100001001101 (base 2) to base 7.
24065
10001111001110 (base 2) to base 4
2033032
What is -26037 (base 10) in base 3?
-1022201100
Convert -110111111100 (base 2) to base 4.
-313330
What is -2100041 (base 5) in base 12?
-17aa4
Convert -2013 (base 10) to base 3.
-2202120
Convert -110 (base 6) to base 16.
-2a
Convert 111120 (base 3) to base 5.
2431
What is -101322 (base 4) in base 12?
-7b6
What is -145 (base 10) in base 7?
-265
Convert -25 (base 10) to base 8.
-31
What is -32010 (base 4) in base 9?
-1210
-1111000001110111 (base 2) to base 3
-10010102222
-16170 (base 9) to base 16
-2b47
What is -30332 (base 4) in base 2?
-1100111110
Convert -258 (base 13) to base 2.
-110011011
Convert 1061 (base 8) to base 16.
231
1133 (base 5) to base 4
2220
Convert -12161 (base 7) to base 16.
-c6b
What is -100011111110 (base 2) in base 3?
-10011021
Convert -110100110 (base 2) to base 9.
-518
-1032 (base 5) to base 10
-142
What is 2621 (base 9) in base 11?
1525
Convert 1411000 (base 5) to base 16.
70cb
Convert 101210 (base 3) to base 16.
123
Convert -3500 (base 6) to base 4.
-30330
2023 (base 15) to base 4
1221333
Convert -61a9 (base 12) to base 10.
-10641
-3270 (base 10) to base 13
-1647
-103 (base 9) to base 13
-66
Convert -248 (base 16) to base 5.
-4314
What is 24033 (base 6) in base 10?
3477
Convert -21021 (base 4) to base 10.
-585
10001101111 (base 2) to base 12
7a7
What is -4305 (base 6) in base 5?
-12402
What is 7892 (base 13) in base 10?
16850
What is 84b (base 14) in base 12?
b43
What is 101111100011111 (base 2) in base 13?
b112
1011201 (base 3) to base 11
709
Convert -32341 (base 5) to base 15.
-9d1
Convert -1021012 (base 3) to base 2.
-1110011011
What is 4343 (base 8) in base 3?
10010021
-10a4 (base 16) to base 11
-3223
What is 6e3 (base 15) in base 5?
22223
15d9a (base 14) to base 13
1bc4c
-330130 (base 4) to base 2
-111100011100
Convert -222111 (base 3) to base 15.
-32a
-314 (base 10) to base 11
-266
14ab2 (base 12) to base 11
1aa56
3c0a (base 13) to base 12
4bb1
-301 (base 12) to base 9
-531
Convert -10262 (base 11) to base 5.
-434301
-1111111101 (base 2) to base 11
-849
5bfb (base 16) to base 6
301003
ad (base 14) to base 15
a3
Convert -1102113 (base 4) to base 15.
-1866
What is 3220202 (base 4) in base 6?
152522
Convert 299 (base 10) to base 11.
252
What is 1246 (base 8) in base 4?
22212
What is 30026 (base 10) in base 8?
72512
What is -11000000 (base 2) in base 15?
-cc
491 (base 13) to base 16
31a
Convert -2035 (base 7) to base 2.
-1011001000
32034 (base 5) to base 12
12a8
What is -21133 (base 4) in base 16?
-25f
Convert -5581 (base 15) to base 12.
-a5a1
What is -10000101000101010 (base 2) in base 11?
-47214
What is 1671 (base 11) in base 9?
2832
Convert 150 (base 9) to base 4.
1332
Convert -4dc (base 16) to base 6.
-5432
What is -200101 (base 4) in base 13?
-c2b
-2221032 (base 4) to base 7
-43401
Convert -1100101010011000 (base 2) to base 10.
-51864
Convert 22360 (base 7) to base 4.
1120231
What is -1110010110000 (base 2) in base 5?
-213334
-4b87 (base 13) to base 9
-15673
-120233 (base 4) to base 3
-2011122
What is -17d (base 15) in base 8?
-527
70 (base 13) to base 5
331
Convert -6aa0 (base 14) to base 3.
-221110120
Convert 350 (base 6) to base 5.
1023
-20221 (base 5) to base 12
-913
162 (base 13) to base 8
371
-101101011111 (base 2) to base 9
-3884
What is 32133 (base 4) in base 7?
2463
What is -6640 (base 8) in base 9?
-4705
Convert 214545 (base 6) to base 11.
12512
399 (base 16) to base 14
49b
-2149 (base 13) to base 16
-1210
101101110011 (base 2) to base 10
2931
5024 (base 6) to base 14
584
2102201 (base 3) to base 16
6ee
Convert 501a (base 11) to base 14.
260c
Convert 4204 (base 8) to base 4.
202010
-3736 (base 9) to base 11
-2104
14010 (base 6) to base 15
996
ac43 (base 16) to base 8
126103
What is -110100110 (base 2) in base 9?
-518
What is -110 (base 4) in base 16?
-14
What is 2151 (base 6) in base 8?
763
Convert -203032 (base 5) to base 6.
-50430
What is 3581 (base 15) in base 6?
124351
Convert -dbf (base 16) to base 12.
-2053
Convert -110053 (base 7) to base 5.
-1103441
What is 30310 (base 4) in base 5?
11240
-12940 (base 10) to base 16
-328c
-a8b (base 12) to base 7
-4340
What is 63 (base 15) in base 11?
85
What is -a079 (base 11) in base 13?
-6136
-11349 (base 12) to base 8
-54651
What is 21231 (base 6) in base 12?
1817
What is 12895 (base 11) in base 16?
47c7
What is -110122122 (base 3) in base 2?
-10010000001000
What is -110220 (base 3) in base 12?
-250
Convert 110 (base 2) to base 7.
6
What is 14123 (base 6) in base 8?
4243
Convert -12606 (base 9) to base 14.
-315d
What is -15d (base 16) in base 7?
-1006
-1111200 (base 3) to base 5
-13343
Convert 1000 (base 8) to base 2.
1000000000
Convert -2d40 (base 16) to base 12.
-6854
What is 3101 (base 12) in base 9?
7271
-32503 (base 9) to base 15
-65b9
What is -450 (base 12) in base 11?
-529
Convert 233210 (base 4) to base 10.
3044
What is -42 (base 9) in base 12?
-32
What is 1114 (base 8) in base 5?
4323
20200121 (base 3) to base 14
1ac4
What is -26574 (base 9) in base 13?
-8242
What is -11100000101 (base 2) in base 12?
-1059
What is 133231 (base 5) in base 14?
1da9
Convert 4644 (base 7) to base 2.
11010100010
Convert 6193 (base 11) to base 4.
2000101
-55 (base 8) to base 11
-41
Convert -737 (base 8) to base 2.
-111011111
What is -1011000001100101 (base 2) in base 12?
-22171
Convert 122221 (base 4) to base 14.
89b
What is -154023 (base 6) in base 11?
-1040a
Convert -1184 (base 11) to base 14.
-7c4
What is 244303 (base 5) in base 4?
2101300
-33 (base 16) to base 8
-63
Convert -10214 (base 7) to base 15.
-b25
What is 3545 (base 8) in base 10?
1893
Convert 638 (base 9) to base 12.
375
Convert 10677 (base 8) to base 14.
1927
-12322 (base 10) to base 8
-30042
What is 27208 (base 9) in base 7?
104426
-23333 (base 6) to base 8
-6451
What is -110111100 (base 2) in base 15?
-1e9
61436 (base 7) to base 14
5656
What is -35310 (base 8) in base 3?
-202122100
Convert 1233120 (base 4) to base 3.
100210000
What is 111203 (base 4) in base 9?
1802
What is -8307 (base 9) in base 7?
-23506
Convert 2636 (base 12) to base 11.
3306
What is -60404 (base 7) in base 16?
-390e
What is 8bca (base 15) in base 6?
345201
8566 (base 11) to base 5
330300
Convert 223 (base 9) to base 16.
b7
What is 2221032 (base 4) in base 6?
122050
863 (base 14) to base 8
3167
What is 11210 (base 7) in base 2?
101100100001
10010211 (base 3) to base 13
1072
Convert -280d (base 14) to base 10.
-7069
What is 4200 (base 5) in base 8?
1046
What is -2007 (base 8) in base 4?
-100013
-45432 (base 7) to base 11
-873a
Convert -dcc (base 16) to base 11.
-2721
Convert -11333 (base 4) to base 16.
-17f
What is -565 (base 9) in base 2?
-111010000
What is -13122 (base 5) in base 13?
-61a
What is -418 (base 10) in base 12?
-2aa
What is 3d0a (base 14) in base 4?
2220212
Convert 3403 (base 9) to base 5.
40024
Convert -101320 (base 4) to base 11.
-950
Convert -38836 (base 9) to base 3.
-1022221020
What is 102202 (base 3) in base 6?
1245
Convert 103470 (base 8) to base 6.
424132
Convert 3467 (base 14) to base 2.
10001110010011
124533 (base 6) to base 10
11433
Convert 3121 (base 7) to base 9.
1444
2402 (base 5) to base 9
431
What is -10122 (base 3) in base 16?
-62
-1741 (base 10) to base 2
-11011001101
Convert 5335 (base 11) to base 14.
2800
-271 (base 9) to base 10
-226
Convert 9495